hen 1717 is divided by 349?
321
Calculate the remainder when 167237 is divided by 370.
367
What is the remainder when 111571 is divided by 1469?
1396
What is the remainder when 24258 is divided by 7976?
330
Calculate the remainder when 2354 is divided by 1152.
50
What is the remainder when 1940568 is divided by 455?
448
Calculate the remainder when 5992 is divided by 139.
15
Calculate the remainder when 6623 is divided by 1984.
671
Calculate the remainder when 32852 is divided by 382.
0
What is the remainder when 4469 is divided by 446?
9
What is the remainder when 86135 is divided by 979?
962
Calculate the remainder when 11331 is divided by 1837.
309
Calculate the remainder when 243137 is divided by 422.
65
What is the remainder when 61022 is divided by 129?
5
Calculate the remainder when 395 is divided by 6.
5
What is the remainder when 7768 is divided by 129?
28
Calculate the remainder when 128552 is divided by 193.
14
Calculate the remainder when 1463464 is divided by 6.
4
Calculate the remainder when 21735 is divided by 2714.
23
What is the remainder when 25772 is divided by 144?
140
What is the remainder when 6461 is divided by 106?
101
Calculate the remainder when 1709 is divided by 209.
37
Calculate the remainder when 15679 is divided by 341.
334
Calculate the remainder when 26313 is divided by 1142.
47
Calculate the remainder when 167806 is divided by 167799.
7
What is the remainder when 45986 is divided by 2?
0
Calculate the remainder when 2075 is divided by 790.
495
What is the remainder when 239358 is divided by 170?
168
What is the remainder when 111977 is divided by 7?
5
What is the remainder when 59113 is divided by 154?
131
Calculate the remainder when 283047 is divided by 34.
31
What is the remainder when 6505769 is divided by 28?
25
What is the remainder when 16596 is divided by 5529?
9
Calculate the remainder when 9036 is divided by 691.
53
Calculate the remainder when 10273379 is divided by 30.
29
Calculate the remainder when 19732 is divided by 3942.
22
What is the remainder when 28740 is divided by 429?
426
Calculate the remainder when 2595 is divided by 883.
829
What is the remainder when 25887 is divided by 32?
31
Calculate the remainder when 217214 is divided by 72401.
11
What is the remainder when 3334 is divided by 63?
58
What is the remainder when 343327 is divided by 459?
454
What is the remainder when 540298 is divided by 938?
10
What is the remainder when 5675 is divided by 196?
187
What is the remainder when 9986 is divided by 24?
2
Calculate the remainder when 11397 is divided by 82.
81
What is the remainder when 230743 is divided by 4273?
1
What is the remainder when 1368 is divided by 296?
184
What is the remainder when 28078 is divided by 278?
0
Calculate the remainder when 4497 is divided by 283.
252
Calculate the remainder when 6378 is divided by 3036.
306
What is the remainder when 100741 is divided by 33533?
142
Calculate the remainder when 45293 is divided by 1294.
3
Calculate the remainder when 83075 is divided by 977.
30
Calculate the remainder when 70957 is divided by 257.
25
What is the remainder when 3283 is divided by 360?
43
What is the remainder when 53662 is divided by 24?
22
What is the remainder when 430264 is divided by 107559?
28
Calculate the remainder when 29456 is divided by 640.
16
What is the remainder when 6735 is divided by 1234?
565
Calculate the remainder when 2074 is divided by 635.
169
Calculate the remainder when 32184 is divided by 11.
9
What is the remainder when 3174 is divided by 415?
269
What is the remainder when 7623 is divided by 277?
144
What is the remainder when 673 is divided by 67?
3
Calculate the remainder when 64562 is divided by 21.
8
What is the remainder when 3856 is divided by 1193?
277
What is the remainder when 6520 is divided by 6346?
174
What is the remainder when 3446 is divided by 683?
31
What is the remainder when 40940 is divided by 165?
20
Calculate the remainder when 775 is divided by 153.
10
What is the remainder when 94226 is divided by 1812?
2
What is the remainder when 106541 is divided by 37?
18
Calculate the remainder when 9937 is divided by 355.
352
Calculate the remainder when 16218 is divided by 8106.
6
Calculate the remainder when 13306 is divided by 6.
4
Calculate the remainder when 2984946 is divided by 764.
762
Calculate the remainder when 104647 is divided by 264.
103
Calculate the remainder when 4833 is divided by 484.
477
What is the remainder when 62637 is divided by 62608?
29
Calculate the remainder when 3736 is divided by 226.
120
Calculate the remainder when 28912 is divided by 27.
22
Calculate the remainder when 2131752 is divided by 851.
848
What is the remainder when 501 is divided by 36?
33
Calculate the remainder when 457 is divided by 455.
2
What is the remainder when 4732 is divided by 137?
74
Calculate the remainder when 61315 is divided by 92.
43
Calculate the remainder when 2999828 is divided by 33.
29
Calculate the remainder when 128051 is divided by 5335.
11
What is the remainder when 79890 is divided by 7262?
8
What is the remainder when 13155 is divided by 111?
57
Calculate the remainder when 12265 is divided by 4085.
10
Calculate the remainder when 22409 is divided by 325.
309
What is the remainder when 651988 is divided by 1055?
1053
What is the remainder when 68799 is divided by 244?
235
What is the remainder when 68499 is divided by 7610?
9
Calculate the remainder when 52336 is divided by 8655.
406
What is the remainder when 45535 is divided by 60?
55
What is the remainder when 29476 is divided by 134?
130
What is the remainder when 5118 is divided by 339?
33
Calculate the remainder when 5814 is divided by 209.
171
What is the remainder when 1354 is divided by 166?
26
Calculate the remainder when 1627 is divided by 1599.
28
Calculate the remainder when 310982 is divided by 26.
22
What is the remainder when 5559 is divided by 2647?
265
What is the remainder when 56496 is divided by 1072?
752
What is the remainder when 2572989 is divided by 623?
622
What is the remainder when 287961 is divided by 16?
9
Calculate the remainder when 167322 is divided by 69.
66
Calculate the remainder when 704260 is divided by 54.
46
Calculate the remainder when 12797 is divided by 157.
80
Calculate the remainder when 100438 is divided by 79.
29
Calculate the remainder when 63911 is divided by 1558.
33
What is the remainder when 42777 is divided by 212?
165
Calculate the remainder when 2525 is divided by 119.
26
What is the remainder when 3716 is divided by 1360?
996
Calculate the remainder when 17451 is divided by 584.
515
What is the remainder when 1379 is divided by 276?
275
What is the remainder when 25885 is divided by 393?
340
What is the remainder when 123223 is divided by 41069?
16
What is the remainder when 87749 is divided by 206?
199
Calculate the remainder when 6458 is divided by 3189.
80
What is the remainder when 16344 is divided by 83?
76
What is the remainder when 25151 is divided by 416?
191
Calculate the remainder when 7468 is divided by 32.
12
What is the remainder when 2566 is divided by 814?
124
Calculate the remainder when 231801 is divided by 8.
1
Calculate the remainder when 6072 is divided by 898.
684
What is the remainder when 5618 is divided by 17?
8
Calculate the remainder when 236087 is divided by 12.
11
Calculate the remainder when 21228 is divided by 5211.
384
What is the remainder when 125033 is divided by 182?
181
What is the remainder when 1556930 is divided by 52?
50
What is the remainder when 1715 is divided by 429?
428
Calculate the remainder when 5133 is divided by 1710.
3
Calculate the remainder when 42416 is divided by 167.
165
What is the remainder when 5378 is divided by 682?
604
What is the remainder when 1336 is divided by 12?
4
What is the remainder when 73065 is divided by 521?
125
Calculate the remainder when 95839 is divided by 70.
9
Calculate the remainder when 21850 is divided by 14.
10
Calculate the remainder when 27778 is divided by 109.
92
What is the remainder when 2628 is divided by 379?
354
What is the remainder when 20564 is divided by 53?
0
What is the remainder when 16893 is divided by 2812?
21
Calculate the remainder when 4453 is divided by 211.
22
Calculate the remainde